r and 12?
12
Let r be 2/(28/385)*2. What is the highest common factor of 11 and r?
11
Let d(b) = -2*b - 10. Let a be d(-9). Let q be a*3*(-1)/(-2). Suppose -3*p = c - p - 34, -p = -5*c + 115. Calculate the greatest common divisor of q and c.
12
Let d(n) = n + 12. Let x be d(-8). Let r be (1 - (-4)/(-16))*4. Suppose -r*o - o = 5*m - 159, -9 = -3*m. Calculate the highest common factor of o and x.
4
Let a = -46 + 48. Let t be ((-220)/50)/(a/(-30)). What is the greatest common divisor of t and 22?
22
Let r(v) = 3*v + 3. Let b be r(-13). Let n = b - -113. What is the greatest common factor of n and 11?
11
Let m be 0/((-4 + 6)/(-1)). Suppose -7*k + m*k = -70. Calculate the greatest common factor of 30 and k.
10
Let k = 13 - -12. Let t be (-15)/120 - 1801/(-8). What is the highest common divisor of t and k?
25
Let v(u) = 124*u - 160. Let b be v(4). Calculate the highest common factor of b and 48.
48
Let u(b) = -4*b**3 + 65*b**2 + 34*b + 12. Let m be u(15). What is the greatest common divisor of m and 61?
61
Suppose -4*f + 179 = -1. Suppose -s + k - 15 = -2*s, -f = -3*s - k. Calculate the greatest common factor of s and 15.
15
Let s = -26 - -38. Let t = s + -10. Let v be 2/(-1) + 8*t. What is the greatest common factor of v and 2?
2
Let g(j) = -j**3 - 16*j**2 + 3*j - 4. Let p be g(-16). Let d = p - -64. Calculate the highest common divisor of d and 8.
4
Let a be (-6 - 16/(-3))/((-2)/1110). Calculate the highest common divisor of a and 10.
10
Suppose 5*f + 24 = -271. Let j = -53 - f. What is the greatest common divisor of j and 54?
6
Let u be (0 + -3)*((-556)/(-12) + -4). Let n = u + 217. Calculate the highest common factor of 10 and n.
10
Let q = -348 - -351. Calculate the greatest common divisor of q and 48.
3
Suppose 5*k = -o + 493, 9*o = 11*o + 4. What is the highest common factor of k and 18?
9
Suppose -31*i + 33*i = 3*p - 1611, 4*p = -3*i + 2165. What is the greatest common factor of 98 and p?
49
Suppose -4*z + 27 = -3*i, -3*z - 2*i + 42 = 3*i. Suppose z*k - 4*k = 280. What is the highest common divisor of 14 and k?
14
Let v be 1/6 + (-13667)/(-474). Calculate the highest common factor of 899 and v.
29
Suppose 4*g = -4*j + 64, 2*g + 6 - 30 = 2*j. Calculate the greatest common divisor of 357 and g.
7
Let p = 408 - 406. Calculate the greatest common factor of p and 8.
2
Suppose 3*d - 13 = 2*d. Let x(z) = z + 11. Let b be x(-7). Let g = b + 9. What is the greatest common divisor of d and g?
13
Let r(n) = n**2 - 3*n + 12. Let f be r(4). Let z be ((-6)/(-15))/(3/(-540)*-3). What is the highest common divisor of f and z?
8
Let x(m) = 87*m**2 - 11*m + 26. Let p be x(2). What is the greatest common divisor of p and 32?
32
Let c = 1081 + -1075. Suppose -3*p = -5*u - 332 - 92, 3*p + 3*u = 408. What is the highest common factor of c and p?
6
Suppose h = -3*x + 322 + 115, -x - 5*h + 141 = 0. Calculate the greatest common factor of x and 73.
73
Suppose 2*j - 4*g = 64 - 26, 5*j - 3*g - 102 = 0. What is the greatest common factor of j and 84?
21
Suppose 4*d + d - 205 = 5*f, d - 2*f - 36 = 0. Let g be -25 - (-18)/4*(-84)/(-63). Let h = d + g. What is the highest common divisor of h and 3?
3
Suppose 4*l = -2*o + 32, -4*o = -4*l - 0*l - 100. Suppose 7*i = o*i - 2025. What is the greatest common divisor of 90 and i?
45
Let c(m) be the first derivative of -m**4 - 4*m**3/3 - m**2/2 - 2*m - 20. Let y be c(-2). What is the highest common factor of y and 160?
16
Let z(c) = -5*c - 17. Let q = -36 - -30. Let p be z(q). Suppose -4*r = -p*r + 81. Calculate the highest common factor of 6 and r.
3
Let z be 11/(-3)*(21 + -33). Calculate the highest common factor of z and 11.
11
Suppose 2*l = -2*l + 180. Suppose 4*r - r - l = 0. Let u = 412 + -292. Calculate the greatest common factor of u and r.
15
Let c be (-2 - (-12)/5)*5. Suppose -c*q - l + 85 = 0, 5*l - 25 + 0 = 0. What is the greatest common factor of q and 5?
5
Let r(g) = g**2 + 38*g + 349. Let q be r(-13). Let s(n) = n**2 + n - 4. Let i be s(-5). Calculate the highest common divisor of q and i.
8
Let j = 913 - 413. Calculate the highest common factor of j and 25.
25
Suppose -5*x = 4*g + 84, -5*g - 9 = 5*x + 91. Let h = 40 - g. What is the highest common factor of h and 8?
8
Let j be 1*5/2*2. Suppose -4 + 16 = 4*c, 4*u = 3*c - 189. Let a = u - -50. Calculate the greatest common factor of j and a.
5
Let v be 3/((-6)/(-12)*6/86). Suppose 5*a - 162 = 53. Calculate the greatest common factor of a and v.
43
Let s = -687 - -701. What is the greatest common factor of 154 and s?
14
Let x(t) = -t**3 - 6*t**2 + 6*t + 12. Let w be x(-7). Let l = 19 - w. Suppose g + 3*g - 120 = l. Calculate the greatest common divisor of g and 20.
10
Let f(q) = q**3 - 4*q**2 + q - 7. Let x be f(5). Let m be -4*4/(-16)*-3 + x. Calculate the highest common divisor of 30 and m.
10
Let t(p) = 2*p + 2. Let g be t(-1). Suppose g = -a - a + 108. Let f = 46 + -28. Calculate the greatest common factor of a and f.
18
Let z be 124*(147/(-14))/(-21). Calculate the highest common factor of 558 and z.
62
Let r = 770 + -740. Calculate the greatest common factor of 165 and r.
15
Let h(k) = k**2 - 29*k - 52. Let m be h(31). Let n = 45 - -25. What is the greatest common divisor of n and m?
10
Suppose -13*c = -6*c - 4186. What is the highest common factor of 92 and c?
46
Let z be -10*(-2)/12*-3. Let j(h) = -21*h - 6. Let b be j(z). Let v = b + -45. What is the greatest common divisor of v and 18?
18
Suppose -t + 4*y + 491 + 42 = 0, t - 488 = -5*y. Calculate the greatest common factor of t and 27.
27
Let s = 158 - 153. Suppose -4*i - s*b = -320, i = 2*i + b - 80. Calculate the highest common divisor of i and 100.
20
Suppose -2*h = -7*h - 5, -5*z + 87 = 3*h. Suppose 7*r - 2*j - z = 3*r, -5*r + 27 = -j. Calculate the greatest common factor of 2 and r.
2
Let v = -119 - -641. Suppose -2*j = -4*t - 278, 3*j - 4*t - v + 97 = 0. Let m = -26 + j. What is the greatest common divisor of 11 and m?
11
Let n = -9 + 20. Suppose -h + n + 1 = 0. Let c = 26 + 70. Calculate the greatest common divisor of c and h.
12
Let l = -43 + 38. Let q be 4 - (l + -3) - 3. What is the highest common factor of 36 and q?
9
Suppose 12*f - 448 = 5*f. Let t = f + -63. Calculate the greatest common divisor of t and 6.
1
Let t be (-20)/(-6)*798/70. What is the greatest common divisor of t and 19?
19
Let x = -11 + 40. Suppose v = x - 23. Calculate the greatest common factor of v and 3.
3
Let n = -22 + 34. Let f(b) = 4*b**2 + 65*b + 40. Let i be f(-16). Calculate the highest common factor of n and i.
12
Let i be 225/(-45)*(-68)/10. Calculate the greatest common divisor of 34 and i.
34
Let l be -1*((-3)/1 + -4). Suppose 4*p - 36 = -2*s, -3*s - 2*p + l = -43. Suppose 0 = -4*t + 8, -y = t - 6 - s. What is the greatest common factor of y and 80?
20
Suppose -4*s - 8*b + 10*b = -2238, s = -2*b + 557. What is the highest common factor of 52 and s?
13
Suppose -3*d + 3*s + 124 = -110, 2*d - 171 = -3*s. What is the highest common divisor of 216 and d?
27
Let r = 23 - 13. Suppose -5*c + 21 = -2*h, -3*h - 23 + 9 = -4*c. Calculate the highest common factor of r and c.
5
Suppose -198 = 50*c - 54*c + 5*y, -6*c + 3*y + 288 = 0. Let m be (-4)/((-92)/(-47) - 2). What is the greatest common factor of m and c?
47
Let q be 12/222 + 127920/481. Calculate the greatest common divisor of q and 14.
14
Suppose 8*j = 925 - 109. Calculate the highest common divisor of j and 6.
6
Let h = 62 + 106. Suppose -4*n = -4*b - h, -3*n + 2 = 2*b - 114. Suppose 5*x - n = -5*l, x - 4*l = -3*l. What is the greatest common divisor of 8 and x?
4
Let p(o) = 2*o**3 - 8*o**2 + 10*o - 3. Let g be p(3). Suppose -7*c = -54 - g. Calculate the highest common divisor of c and 45.
9
Let q = 769 + -743. What is the greatest common factor of q and 962?
26
Let q(o) = 13*o + 1. Let z be q(1). Suppose 0 = 3*u - 4*u + z. Let g = -12 + u. What is the highest common divisor of 1 and g?
1
Suppose 4*v - 64 - 16 = 0. What is the greatest common factor of 260 and v?
20
Suppose 0 = 4*a - 3*w - 216, 2*a + 2*w - 154 = -46. What is the highest common factor of 45 and a?
9
Let s(t) = 2*t**2 - 22*t - 15. Let m be s(10). Let c = -23 - m. What is the highest common factor of 32 and c?
4
Let f be ((-8)/10)/(8/(-140)). Let q be (273/f)/((-3)/(-8)). Let w be 5*1*156/10. What is 